{"id":1298,"date":"2018-08-24T14:12:16","date_gmt":"2018-08-24T13:12:16","guid":{"rendered":"http:\/\/sdm-lesmesnuls.fr\/?page_id=1298"},"modified":"2019-05-05T10:05:49","modified_gmt":"2019-05-05T09:05:49","slug":"resultat-des-mots-croises","status":"publish","type":"page","link":"https:\/\/sdm-lesmesnuls.fr\/?page_id=1298","title":{"rendered":"Solution des mots-crois\u00e9s"},"content":{"rendered":"<p><em><strong>Mots-crois\u00e9s du num\u00e9ro de F\u00e9vrier 2019<\/strong><\/em><a href=\"https:\/\/i0.wp.com\/sdm-lesmesnuls.fr\/wp-content\/uploads\/Fevrier2019.png?ssl=1\"><img loading=\"lazy\" decoding=\"async\" data-attachment-id=\"1530\" data-permalink=\"https:\/\/sdm-lesmesnuls.fr\/?attachment_id=1530#main\" data-orig-file=\"https:\/\/i0.wp.com\/sdm-lesmesnuls.fr\/wp-content\/uploads\/Fevrier2019.png?fit=378%2C416&amp;ssl=1\" data-orig-size=\"378,416\" data-comments-opened=\"1\" data-image-meta=\"{&quot;aperture&quot;:&quot;0&quot;,&quot;credit&quot;:&quot;&quot;,&quot;camera&quot;:&quot;&quot;,&quot;caption&quot;:&quot;&quot;,&quot;created_timestamp&quot;:&quot;0&quot;,&quot;copyright&quot;:&quot;&quot;,&quot;focal_length&quot;:&quot;0&quot;,&quot;iso&quot;:&quot;0&quot;,&quot;shutter_speed&quot;:&quot;0&quot;,&quot;title&quot;:&quot;&quot;,&quot;orientation&quot;:&quot;0&quot;}\" data-image-title=\"Fevrier2019\" data-image-description=\"\" data-image-caption=\"\" data-medium-file=\"https:\/\/i0.wp.com\/sdm-lesmesnuls.fr\/wp-content\/uploads\/Fevrier2019.png?fit=378%2C416&amp;ssl=1\" data-large-file=\"https:\/\/i0.wp.com\/sdm-lesmesnuls.fr\/wp-content\/uploads\/Fevrier2019.png?fit=378%2C416&amp;ssl=1\" tabindex=\"0\" role=\"button\" class=\"size-full wp-image-1530 aligncenter\" src=\"https:\/\/i0.wp.com\/sdm-lesmesnuls.fr\/wp-content\/uploads\/Fevrier2019.png?resize=378%2C416&#038;ssl=1\" alt=\"\" width=\"378\" height=\"416\" data-recalc-dims=\"1\" \/><\/a><\/p>\n<p><em><strong>Mots-crois\u00e9s du num\u00e9ro de septembre 2018.<\/strong><\/em><\/p>\n<p><a href=\"https:\/\/i0.wp.com\/sdm-lesmesnuls.fr\/wp-content\/uploads\/Resultat0902018.png?ssl=1\"><img loading=\"lazy\" decoding=\"async\" data-attachment-id=\"1392\" data-permalink=\"https:\/\/sdm-lesmesnuls.fr\/?attachment_id=1392#main\" data-orig-file=\"https:\/\/i0.wp.com\/sdm-lesmesnuls.fr\/wp-content\/uploads\/Resultat0902018.png?fit=378%2C416&amp;ssl=1\" data-orig-size=\"378,416\" data-comments-opened=\"1\" data-image-meta=\"{&quot;aperture&quot;:&quot;0&quot;,&quot;credit&quot;:&quot;&quot;,&quot;camera&quot;:&quot;&quot;,&quot;caption&quot;:&quot;&quot;,&quot;created_timestamp&quot;:&quot;0&quot;,&quot;copyright&quot;:&quot;&quot;,&quot;focal_length&quot;:&quot;0&quot;,&quot;iso&quot;:&quot;0&quot;,&quot;shutter_speed&quot;:&quot;0&quot;,&quot;title&quot;:&quot;&quot;,&quot;orientation&quot;:&quot;0&quot;}\" data-image-title=\"Resultat0902018\" data-image-description=\"\" data-image-caption=\"\" data-medium-file=\"https:\/\/i0.wp.com\/sdm-lesmesnuls.fr\/wp-content\/uploads\/Resultat0902018.png?fit=378%2C416&amp;ssl=1\" data-large-file=\"https:\/\/i0.wp.com\/sdm-lesmesnuls.fr\/wp-content\/uploads\/Resultat0902018.png?fit=378%2C416&amp;ssl=1\" tabindex=\"0\" role=\"button\" class=\"size-full wp-image-1392 aligncenter\" src=\"https:\/\/i0.wp.com\/sdm-lesmesnuls.fr\/wp-content\/uploads\/Resultat0902018.png?resize=378%2C416&#038;ssl=1\" alt=\"\" width=\"378\" height=\"416\" data-recalc-dims=\"1\" \/><\/a><\/p>\n<p><em><strong>Mots-crois\u00e9s du num\u00e9ro d&rsquo;avril 2018.<\/strong><\/em><\/p>\n<p><a href=\"https:\/\/i0.wp.com\/sdm-lesmesnuls.fr\/wp-content\/uploads\/MotCrois\u00e9ReponseAvril19.png?ssl=1\"><img loading=\"lazy\" decoding=\"async\" data-attachment-id=\"1299\" data-permalink=\"https:\/\/sdm-lesmesnuls.fr\/?attachment_id=1299#main\" data-orig-file=\"https:\/\/i0.wp.com\/sdm-lesmesnuls.fr\/wp-content\/uploads\/MotCrois\u00e9ReponseAvril19.png?fit=378%2C378&amp;ssl=1\" data-orig-size=\"378,378\" data-comments-opened=\"1\" data-image-meta=\"{&quot;aperture&quot;:&quot;0&quot;,&quot;credit&quot;:&quot;&quot;,&quot;camera&quot;:&quot;&quot;,&quot;caption&quot;:&quot;&quot;,&quot;created_timestamp&quot;:&quot;0&quot;,&quot;copyright&quot;:&quot;&quot;,&quot;focal_length&quot;:&quot;0&quot;,&quot;iso&quot;:&quot;0&quot;,&quot;shutter_speed&quot;:&quot;0&quot;,&quot;title&quot;:&quot;&quot;,&quot;orientation&quot;:&quot;0&quot;}\" data-image-title=\"MotCrois\u00e9ReponseAvril19\" data-image-description=\"\" data-image-caption=\"\" data-medium-file=\"https:\/\/i0.wp.com\/sdm-lesmesnuls.fr\/wp-content\/uploads\/MotCrois\u00e9ReponseAvril19.png?fit=378%2C378&amp;ssl=1\" data-large-file=\"https:\/\/i0.wp.com\/sdm-lesmesnuls.fr\/wp-content\/uploads\/MotCrois\u00e9ReponseAvril19.png?fit=378%2C378&amp;ssl=1\" tabindex=\"0\" role=\"button\" class=\"size-full wp-image-1299 aligncenter\" src=\"https:\/\/i0.wp.com\/sdm-lesmesnuls.fr\/wp-content\/uploads\/MotCrois\u00e9ReponseAvril19.png?resize=378%2C378&#038;ssl=1\" alt=\"\" width=\"378\" height=\"378\" srcset=\"https:\/\/i0.wp.com\/sdm-lesmesnuls.fr\/wp-content\/uploads\/MotCrois\u00e9ReponseAvril19.png?w=378&amp;ssl=1 378w, https:\/\/i0.wp.com\/sdm-lesmesnuls.fr\/wp-content\/uploads\/MotCrois\u00e9ReponseAvril19.png?resize=150%2C150&amp;ssl=1 150w\" sizes=\"(max-width: 378px) 100vw, 378px\" data-recalc-dims=\"1\" \/><\/a><\/p>\n<p>&nbsp;<\/p>\n","protected":false},"excerpt":{"rendered":"<p>Mots-crois\u00e9s du num\u00e9ro de F\u00e9vrier 2019 Mots-crois\u00e9s du num\u00e9ro de septembre 2018. Mots-crois\u00e9s du num\u00e9ro d&rsquo;avril 2018. &nbsp;<\/p>\n","protected":false},"author":1,"featured_media":0,"parent":0,"menu_order":0,"comment_status":"closed","ping_status":"closed","template":"","meta":{"jetpack_post_was_ever_published":false,"footnotes":""},"jetpack_sharing_enabled":true,"jetpack_shortlink":"https:\/\/wp.me\/P71w7n-kW","jetpack-related-posts":[],"_links":{"self":[{"href":"https:\/\/sdm-lesmesnuls.fr\/index.php?rest_route=\/wp\/v2\/pages\/1298"}],"collection":[{"href":"https:\/\/sdm-lesmesnuls.fr\/index.php?rest_route=\/wp\/v2\/pages"}],"about":[{"href":"https:\/\/sdm-lesmesnuls.fr\/index.php?rest_route=\/wp\/v2\/types\/page"}],"author":[{"embeddable":true,"href":"https:\/\/sdm-lesmesnuls.fr\/index.php?rest_route=\/wp\/v2\/users\/1"}],"replies":[{"embeddable":true,"href":"https:\/\/sdm-lesmesnuls.fr\/index.php?rest_route=%2Fwp%2Fv2%2Fcomments&post=1298"}],"version-history":[{"count":8,"href":"https:\/\/sdm-lesmesnuls.fr\/index.php?rest_route=\/wp\/v2\/pages\/1298\/revisions"}],"predecessor-version":[{"id":1532,"href":"https:\/\/sdm-lesmesnuls.fr\/index.php?rest_route=\/wp\/v2\/pages\/1298\/revisions\/1532"}],"wp:attachment":[{"href":"https:\/\/sdm-lesmesnuls.fr\/index.php?rest_route=%2Fwp%2Fv2%2Fmedia&parent=1298"}],"curies":[{"name":"wp","href":"https:\/\/api.w.org\/{rel}","templated":true}]}}